{"id":5239,"date":"2026-04-09T17:09:27","date_gmt":"2026-04-09T20:09:27","guid":{"rendered":"https:\/\/ens9006-infd.mendoza.edu.ar\/sitio\/?page_id=5239"},"modified":"2026-04-16T16:32:47","modified_gmt":"2026-04-16T19:32:47","slug":"gobierno-institucional","status":"publish","type":"page","link":"https:\/\/ens9006-infd.mendoza.edu.ar\/sitio\/gobierno-institucional\/","title":{"rendered":"Gobierno Institucional"},"content":{"rendered":"\n<p>El gobierno institucional del ISFDyT 9-006 se organiza a partir de normativas que regulan su funcionamiento, siendo el<a href=\"https:\/\/www.mendoza.edu.ar\/decreto-530-provincial-funcion-y-organizacion-de-la-coordinacion-general-de-educacion-superior-cges-2018\/\" target=\"_blank\" rel=\"noreferrer noopener\"> <strong>Decreto 530\/18<\/strong><\/a> la base que define la estructura y gesti\u00f3n de los institutos de Nivel Superior.<\/p>\n\n\n\n<p>En este marco, el<a rel=\"noreferrer noopener\" href=\"https:\/\/ens9006-infd.mendoza.edu.ar\/sitio\/wp-content\/uploads\/2024\/03\/RAM-ANEXO-RS-2024-01591536-GDEMZA-DGE-RAM-NIV.SUP_..pdf\" target=\"_blank\"> <strong>R\u00e9gimen Acad\u00e9mico Marco (RAM)<\/strong><\/a> establece las normas generales que orientan las pr\u00e1cticas institucionales, mientras que el <strong><a href=\"https:\/\/ens9006-infd.mendoza.edu.ar\/sitio\/wp-content\/uploads\/2026\/04\/ANEXO-RAI-IES-N\u00b0-9-006.pdf\" target=\"_blank\" rel=\"noreferrer noopener\">R\u00e9gimen Acad\u00e9mico Institucional (RAI)<\/a><\/strong> adapta esas disposiciones a las caracter\u00edsticas propias de la instituci\u00f3n y sus estudiantes. Tambi\u00e9n se contemplan reglamentos espec\u00edficos como los de pr\u00e1cticas docentes y profesionalizantes.<\/p>\n\n\n\n<p>La toma de decisiones se realiza a trav\u00e9s del <strong>Consejo Directivo<\/strong>, \u00f3rgano de gobierno en el que est\u00e1n representados todos los claustros (docentes, estudiantes, egresados y personal no docente) y que es presidido por el rector. Sus miembros son elegidos por votaci\u00f3n de los distintos claustros, lo que refuerza el car\u00e1cter democr\u00e1tico del \u00f3rgano.<\/p>\n\n\n\n<p>La gesti\u00f3n cotidiana est\u00e1 a cargo del <strong>equipo de autoridades<\/strong>, integrado por rector, vicerrector y regente, junto con otras funciones clave como jefaturas de formaci\u00f3n, investigaci\u00f3n y coordinaciones de pr\u00e1cticas.<\/p>\n\n\n\n<p>El <strong>Consejo Acad\u00e9mico<\/strong> est\u00e1 integrado por el\/la Regente, las jefaturas de Formaci\u00f3n Inicial, Investigaci\u00f3n, Desarrollo Profesional Docente y Desarrollo Profesional T\u00e9cnico, la Coordinaci\u00f3n de Pr\u00e1ctica Profesional Docente y los\/las coordinadores\/as de carrera; este cuerpo tiene a su cargo el tratamiento y la definici\u00f3n de los aspectos pedag\u00f3gicos y acad\u00e9micos institucionales, incluyendo el an\u00e1lisis y la aprobaci\u00f3n de programas, propuestas curriculares y acciones de mejora educativa.<\/p>\n\n\n\n<p>En conjunto, esta organizaci\u00f3n garantiza una gesti\u00f3n participativa, regulada y acorde a las necesidades institucionales.<\/p>\n\n\n\n<div class=\"alignnormal\"><div id=\"metaslider-id-5241\" style=\"max-width: 400px; margin: 0 auto;\" class=\"ml-slider-3-33-0 metaslider metaslider-flex metaslider-5241 ml-slider ms-theme-default\" role=\"region\" aria-roledescription=\"Slideshow\" aria-label=\"Slideshow\">\n    <div id=\"metaslider_container_5241\">\n        <div id=\"metaslider_5241\" class=\"flexslider\">\n            <ul aria-live=\"polite\" class=\"slides\">\n                <li style=\"display: block; width: 100%;\" class=\"slide-5249 ms-image\" aria-roledescription=\"slide\" aria-label=\"slide-5249\"><img src=\"https:\/\/ens9006-infd.mendoza.edu.ar\/sitio\/wp-content\/uploads\/2026\/04\/Organizacion-institucional-9-006-4-400x500.jpeg\" height=\"500\" width=\"400\" alt=\"\" class=\"slider-5241 slide-5249\" title=\"Organizacion institucional 9-006 (4)\" \/><\/li>\n                <li style=\"display: none; width: 100%;\" class=\"slide-5243 ms-image\" aria-roledescription=\"slide\" aria-label=\"slide-5243\"><img src=\"https:\/\/ens9006-infd.mendoza.edu.ar\/sitio\/wp-content\/uploads\/2026\/04\/Organizacion-institucional-9-006-1-400x500.jpeg\" height=\"500\" width=\"400\" alt=\"\" class=\"slider-5241 slide-5243\" title=\"Organizacion institucional 9-006 (1)\" \/><\/li>\n                <li style=\"display: none; width: 100%;\" class=\"slide-5245 ms-image\" aria-roledescription=\"slide\" aria-label=\"slide-5245\"><img src=\"https:\/\/ens9006-infd.mendoza.edu.ar\/sitio\/wp-content\/uploads\/2026\/04\/Organizacion-institucional-9-006-2-400x500.jpeg\" height=\"500\" width=\"400\" alt=\"\" class=\"slider-5241 slide-5245\" title=\"Organizacion institucional 9-006 (2)\" \/><\/li>\n                <li style=\"display: none; width: 100%;\" class=\"slide-5247 ms-image\" aria-roledescription=\"slide\" aria-label=\"slide-5247\"><img src=\"https:\/\/ens9006-infd.mendoza.edu.ar\/sitio\/wp-content\/uploads\/2026\/04\/Organizacion-institucional-9-006-3-400x500.jpeg\" height=\"500\" width=\"400\" alt=\"\" class=\"slider-5241 slide-5247\" title=\"Organizacion institucional 9-006 (3)\" \/><\/li>\n                <li style=\"display: none; width: 100%;\" class=\"slide-5251 ms-image\" aria-roledescription=\"slide\" aria-label=\"slide-5251\"><img src=\"https:\/\/ens9006-infd.mendoza.edu.ar\/sitio\/wp-content\/uploads\/2026\/04\/Organizacion-institucional-9-006-5-400x500.jpeg\" height=\"500\" width=\"400\" alt=\"\" class=\"slider-5241 slide-5251\" title=\"Organizacion institucional 9-006 (5)\" \/><\/li>\n                <li style=\"display: none; width: 100%;\" class=\"slide-5253 ms-image\" aria-roledescription=\"slide\" aria-label=\"slide-5253\"><img src=\"https:\/\/ens9006-infd.mendoza.edu.ar\/sitio\/wp-content\/uploads\/2026\/04\/Organizacion-institucional-9-006-6-400x500.jpeg\" height=\"500\" width=\"400\" alt=\"\" class=\"slider-5241 slide-5253\" title=\"Organizacion institucional 9-006 (6)\" \/><\/li>\n            <\/ul>\n        <\/div>\n        \n    <\/div>\n<\/div><\/div>\n\n\n\n<h4 class=\"wp-block-heading\"><strong>Centro de Estudiantes<\/strong><\/h4>\n\n\n\n<p>Desde 2016, el instituto cuenta con un Centro de Estudiantes que constituye un espacio de participaci\u00f3n, di\u00e1logo y representaci\u00f3n. A trav\u00e9s de delegados por carrera, se canalizan propuestas, inquietudes y necesidades, garantizando que todas las voces estudiantiles sean escuchadas y formen parte de la vida institucional.<\/p>\n\n\n\n<h4 class=\"wp-block-heading\">Normativa<\/h4>\n\n\n\n<p><a rel=\"noreferrer noopener\" href=\"https:\/\/www.mendoza.edu.ar\/decreto-530-provincial-funcion-y-organizacion-de-la-coordinacion-general-de-educacion-superior-cges-2018\/\" target=\"_blank\"><strong>Decreto 530\/18<\/strong><\/a><\/p>\n\n\n\n<p><a rel=\"noreferrer noopener\" href=\"https:\/\/ens9006-infd.mendoza.edu.ar\/sitio\/wp-content\/uploads\/2024\/03\/RAM-ANEXO-RS-2024-01591536-GDEMZA-DGE-RAM-NIV.SUP_..pdf\" target=\"_blank\"><strong>R\u00e9gimen Acad\u00e9mico Marco (RAM)<\/strong><\/a> <\/p>\n\n\n\n<p><strong><a rel=\"noreferrer noopener\" href=\"https:\/\/ens9006-infd.mendoza.edu.ar\/sitio\/wp-content\/uploads\/2026\/04\/RS-2024-08597603-GDEMZA-CGESDGE-Resol.-314-24-Regimen-Academico-Institucional-RAI-Instituto-de-Educacion-Superior-9-006.pdf\" target=\"_blank\">Resoluci\u00f3n 314\/2024 <\/a><\/strong> y <strong><a rel=\"noreferrer noopener\" href=\"https:\/\/ens9006-infd.mendoza.edu.ar\/sitio\/wp-content\/uploads\/2026\/04\/ANEXO-RAI-IES-N\u00b0-9-006.pdf\" target=\"_blank\">anexo <\/a><\/strong>(R\u00c9GIMEN ACAD\u00c9MICO INSTITUCIONAL)<\/p>\n","protected":false},"excerpt":{"rendered":"<p>El gobierno institucional del ISFDyT 9-006 se organiza a partir de normativas que regulan su funcionamiento, siendo el Decreto 530\/18 la base que define la estructura y gesti\u00f3n de los institutos de Nivel Superior. En este marco, el R\u00e9gimen Acad\u00e9mico Marco (RAM) establece las normas generales que orientan las pr\u00e1cticas institucionales, mientras que el R\u00e9gimen &#8230; <a title=\"Gobierno Institucional\" class=\"read-more\" href=\"https:\/\/ens9006-infd.mendoza.edu.ar\/sitio\/gobierno-institucional\/\" aria-label=\"More on Gobierno Institucional\">[+]<\/a><\/p>\n","protected":false},"author":1065,"featured_media":0,"parent":0,"menu_order":0,"comment_status":"closed","ping_status":"closed","template":"","meta":[],"acf":[],"_links":{"self":[{"href":"https:\/\/ens9006-infd.mendoza.edu.ar\/sitio\/wp-json\/wp\/v2\/pages\/5239"}],"collection":[{"href":"https:\/\/ens9006-infd.mendoza.edu.ar\/sitio\/wp-json\/wp\/v2\/pages"}],"about":[{"href":"https:\/\/ens9006-infd.mendoza.edu.ar\/sitio\/wp-json\/wp\/v2\/types\/page"}],"author":[{"embeddable":true,"href":"https:\/\/ens9006-infd.mendoza.edu.ar\/sitio\/wp-json\/wp\/v2\/users\/1065"}],"replies":[{"embeddable":true,"href":"https:\/\/ens9006-infd.mendoza.edu.ar\/sitio\/wp-json\/wp\/v2\/comments?post=5239"}],"version-history":[{"count":4,"href":"https:\/\/ens9006-infd.mendoza.edu.ar\/sitio\/wp-json\/wp\/v2\/pages\/5239\/revisions"}],"predecessor-version":[{"id":5270,"href":"https:\/\/ens9006-infd.mendoza.edu.ar\/sitio\/wp-json\/wp\/v2\/pages\/5239\/revisions\/5270"}],"wp:attachment":[{"href":"https:\/\/ens9006-infd.mendoza.edu.ar\/sitio\/wp-json\/wp\/v2\/media?parent=5239"}],"curies":[{"name":"wp","href":"https:\/\/api.w.org\/{rel}","templated":true}]}}