{"id":928,"date":"2018-08-30T19:47:06","date_gmt":"2018-08-30T22:47:06","guid":{"rendered":"https:\/\/ens9006-mza.infd.edu.ar\/sitio\/cipe\/"},"modified":"2022-10-31T18:45:40","modified_gmt":"2022-10-31T21:45:40","slug":"cipe","status":"publish","type":"page","link":"https:\/\/ens9006-infd.mendoza.edu.ar\/sitio\/cipe\/","title":{"rendered":"CIPE"},"content":{"rendered":"<p>COORDINADORES INSTITUCIONALES DE POL\u00cdTICAS ESTUDIANTILES<\/p>\n<ul>\n<li>Fernando Gallardo<\/li>\n<li>Dar\u00edo Ton\u00f3n<\/li>\n<\/ul>\n","protected":false},"excerpt":{"rendered":"<p>COORDINADORES INSTITUCIONALES DE POL\u00cdTICAS ESTUDIANTILES Fernando Gallardo Dar\u00edo Ton\u00f3n<\/p>\n","protected":false},"author":1400,"featured_media":0,"parent":0,"menu_order":0,"comment_status":"closed","ping_status":"closed","template":"","meta":[],"acf":[],"_links":{"self":[{"href":"https:\/\/ens9006-infd.mendoza.edu.ar\/sitio\/wp-json\/wp\/v2\/pages\/928"}],"collection":[{"href":"https:\/\/ens9006-infd.mendoza.edu.ar\/sitio\/wp-json\/wp\/v2\/pages"}],"about":[{"href":"https:\/\/ens9006-infd.mendoza.edu.ar\/sitio\/wp-json\/wp\/v2\/types\/page"}],"author":[{"embeddable":true,"href":"https:\/\/ens9006-infd.mendoza.edu.ar\/sitio\/wp-json\/wp\/v2\/users\/1400"}],"replies":[{"embeddable":true,"href":"https:\/\/ens9006-infd.mendoza.edu.ar\/sitio\/wp-json\/wp\/v2\/comments?post=928"}],"version-history":[{"count":2,"href":"https:\/\/ens9006-infd.mendoza.edu.ar\/sitio\/wp-json\/wp\/v2\/pages\/928\/revisions"}],"predecessor-version":[{"id":2533,"href":"https:\/\/ens9006-infd.mendoza.edu.ar\/sitio\/wp-json\/wp\/v2\/pages\/928\/revisions\/2533"}],"wp:attachment":[{"href":"https:\/\/ens9006-infd.mendoza.edu.ar\/sitio\/wp-json\/wp\/v2\/media?parent=928"}],"curies":[{"name":"wp","href":"https:\/\/api.w.org\/{rel}","templated":true}]}}